{"id":417,"date":"2025-09-03T15:16:01","date_gmt":"2025-09-03T13:16:01","guid":{"rendered":"https:\/\/www.unreal-impulse.com\/?page_id=417"},"modified":"2026-02-08T20:32:00","modified_gmt":"2026-02-08T19:32:00","slug":"devenir-pilote","status":"publish","type":"page","link":"https:\/\/www.unreal-impulse.com\/index.php\/devenir-pilote\/","title":{"rendered":"Devenir pilote"},"content":{"rendered":"\t\t<div data-elementor-type=\"wp-page\" data-elementor-id=\"417\" class=\"elementor elementor-417\" data-elementor-post-type=\"page\">\n\t\t\t\t<div class=\"elementor-element elementor-element-403f1cd e-flex e-con-boxed e-con e-parent\" data-id=\"403f1cd\" data-element_type=\"container\">\n\t\t\t\t\t<div class=\"e-con-inner\">\n\t\t\t\t<div class=\"elementor-element elementor-element-a0ff3e2 elementor-widget elementor-widget-heading\" data-id=\"a0ff3e2\" data-element_type=\"widget\" data-widget_type=\"heading.default\">\n\t\t\t\t<div class=\"elementor-widget-container\">\n\t\t\t\t\t<h2 class=\"elementor-heading-title elementor-size-default\">Vous souhaitez devenir pilote ?<\/h2>\t\t\t\t<\/div>\n\t\t\t\t<\/div>\n\t\t\t\t<div class=\"elementor-element elementor-element-25b76fa elementor-widget elementor-widget-text-editor\" data-id=\"25b76fa\" data-element_type=\"widget\" data-widget_type=\"text-editor.default\">\n\t\t\t\t<div class=\"elementor-widget-container\">\n\t\t\t\t\t\t\t\t\t<p style=\"text-align: center;\">Peut-\u00eatre l\u2019un des plus beaux r\u00eaves de l\u2019homme. Rejoignez-nous et fa\u00eetes de votre r\u00eave une r\u00e9alit\u00e9. Venez partager notre passion.<\/p><p style=\"text-align: center;\">\u00ab D\u00e8s lors que vous aurez go\u00fbt\u00e9 au vol, vous marcherez \u00e0 jamais sur terre les yeux lev\u00e9s vers le ciel. \u00bb\u00a0<em>\u2013 L\u00e9onard de Vinci<\/em><\/p>\t\t\t\t\t\t\t\t<\/div>\n\t\t\t\t<\/div>\n\t\t\t\t\t<\/div>\n\t\t\t\t<\/div>\n\t\t<div class=\"elementor-element elementor-element-128fa13 e-grid e-con-boxed e-con e-parent\" data-id=\"128fa13\" data-element_type=\"container\" data-settings=\"{&quot;background_background&quot;:&quot;classic&quot;}\">\n\t\t\t\t\t<div class=\"e-con-inner\">\n\t\t<div class=\"elementor-element elementor-element-8563203 e-con-full e-flex elementor-invisible e-con e-child\" data-id=\"8563203\" data-element_type=\"container\" data-settings=\"{&quot;animation&quot;:&quot;fadeInLeft&quot;}\">\n\t\t\t\t<div class=\"elementor-element elementor-element-37460cb elementor-widget elementor-widget-heading\" data-id=\"37460cb\" data-element_type=\"widget\" data-widget_type=\"heading.default\">\n\t\t\t\t<div class=\"elementor-widget-container\">\n\t\t\t\t\t<h2 class=\"elementor-heading-title elementor-size-default\">L\u2019\u00e9cole<\/h2>\t\t\t\t<\/div>\n\t\t\t\t<\/div>\n\t\t\t\t<div class=\"elementor-element elementor-element-14fb33f elementor-widget elementor-widget-text-editor\" data-id=\"14fb33f\" data-element_type=\"widget\" data-widget_type=\"text-editor.default\">\n\t\t\t\t<div class=\"elementor-widget-container\">\n\t\t\t\t\t\t\t\t\t<p>L\u2019ACPL\u00a0dispose d\u2019une \u00e9cole labellis\u00e9e FFPLUM \u2013 N\u00b0 d\u2019affiliation\u00a0: 1603<\/p><p>Cours dispens\u00e9s par deux instructeurs habilit\u00e9s : Fabrice Tastet &amp; Philippe Fardel<\/p>\t\t\t\t\t\t\t\t<\/div>\n\t\t\t\t<\/div>\n\t\t\t\t<div class=\"elementor-element elementor-element-3d3bd2a elementor-align-right elementor-widget elementor-widget-button\" data-id=\"3d3bd2a\" data-element_type=\"widget\" data-widget_type=\"button.default\">\n\t\t\t\t<div class=\"elementor-widget-container\">\n\t\t\t\t\t\t\t\t\t<div class=\"elementor-button-wrapper\">\n\t\t\t\t\t<a class=\"elementor-button elementor-button-link elementor-size-sm\" href=\"\/index.php\/ecole\/\">\n\t\t\t\t\t\t<span class=\"elementor-button-content-wrapper\">\n\t\t\t\t\t\t\t\t\t<span class=\"elementor-button-text\">EN SAVOIR PLUS<\/span>\n\t\t\t\t\t<\/span>\n\t\t\t\t\t<\/a>\n\t\t\t\t<\/div>\n\t\t\t\t\t\t\t\t<\/div>\n\t\t\t\t<\/div>\n\t\t\t\t<\/div>\n\t\t<div class=\"elementor-element elementor-element-4281405 e-con-full e-flex e-con e-child\" data-id=\"4281405\" data-element_type=\"container\">\n\t\t\t\t<div class=\"elementor-element elementor-element-06352df elementor-invisible elementor-widget elementor-widget-image\" data-id=\"06352df\" data-element_type=\"widget\" data-settings=\"{&quot;_animation&quot;:&quot;fadeInRight&quot;}\" data-widget_type=\"image.default\">\n\t\t\t\t<div class=\"elementor-widget-container\">\n\t\t\t\t\t\t\t\t\t\t\t\t\t\t\t<img fetchpriority=\"high\" decoding=\"async\" width=\"260\" height=\"260\" src=\"https:\/\/www.unreal-impulse.com\/wp-content\/uploads\/2025\/09\/l-ecole.png\" class=\"attachment-large size-large wp-image-428\" alt=\"\" srcset=\"https:\/\/www.unreal-impulse.com\/wp-content\/uploads\/2025\/09\/l-ecole.png 260w, https:\/\/www.unreal-impulse.com\/wp-content\/uploads\/2025\/09\/l-ecole-150x150.png 150w\" sizes=\"(max-width: 260px) 100vw, 260px\" \/>\t\t\t\t\t\t\t\t\t\t\t\t\t\t\t<\/div>\n\t\t\t\t<\/div>\n\t\t\t\t<\/div>\n\t\t\t\t\t<\/div>\n\t\t\t\t<\/div>\n\t\t<div class=\"elementor-element elementor-element-4749fdf e-grid e-con-boxed e-con e-parent\" data-id=\"4749fdf\" data-element_type=\"container\" data-settings=\"{&quot;background_background&quot;:&quot;classic&quot;}\">\n\t\t\t\t\t<div class=\"e-con-inner\">\n\t\t<div class=\"elementor-element elementor-element-3acaf12 e-con-full e-flex elementor-invisible e-con e-child\" data-id=\"3acaf12\" data-element_type=\"container\" data-settings=\"{&quot;animation&quot;:&quot;fadeInLeft&quot;}\">\n\t\t\t\t<div class=\"elementor-element elementor-element-f8e8863 elementor-widget elementor-widget-image\" data-id=\"f8e8863\" data-element_type=\"widget\" data-widget_type=\"image.default\">\n\t\t\t\t<div class=\"elementor-widget-container\">\n\t\t\t\t\t\t\t\t\t\t\t\t\t\t\t<img decoding=\"async\" width=\"260\" height=\"260\" src=\"https:\/\/www.unreal-impulse.com\/wp-content\/uploads\/2025\/09\/brevet1.png\" class=\"attachment-large size-large wp-image-438\" alt=\"\" srcset=\"https:\/\/www.unreal-impulse.com\/wp-content\/uploads\/2025\/09\/brevet1.png 260w, https:\/\/www.unreal-impulse.com\/wp-content\/uploads\/2025\/09\/brevet1-150x150.png 150w\" sizes=\"(max-width: 260px) 100vw, 260px\" \/>\t\t\t\t\t\t\t\t\t\t\t\t\t\t\t<\/div>\n\t\t\t\t<\/div>\n\t\t\t\t<\/div>\n\t\t<div class=\"elementor-element elementor-element-8b8b1ec e-con-full e-flex elementor-invisible e-con e-child\" data-id=\"8b8b1ec\" data-element_type=\"container\" data-settings=\"{&quot;animation&quot;:&quot;fadeInRight&quot;}\">\n\t\t\t\t<div class=\"elementor-element elementor-element-3f993d0 elementor-widget elementor-widget-heading\" data-id=\"3f993d0\" data-element_type=\"widget\" data-widget_type=\"heading.default\">\n\t\t\t\t<div class=\"elementor-widget-container\">\n\t\t\t\t\t<h2 class=\"elementor-heading-title elementor-size-default\">Le brevet<\/h2>\t\t\t\t<\/div>\n\t\t\t\t<\/div>\n\t\t\t\t<div class=\"elementor-element elementor-element-4ce1ab3 elementor-widget elementor-widget-text-editor\" data-id=\"4ce1ab3\" data-element_type=\"widget\" data-widget_type=\"text-editor.default\">\n\t\t\t\t<div class=\"elementor-widget-container\">\n\t\t\t\t\t\t\t\t\t<p>Une formation de quelques heures, un examen th\u00e9orique g\u00e9r\u00e9 par la DGAC et un test avec instructeur, vous permettront de r\u00e9aliser ce r\u00eave.<\/p>\t\t\t\t\t\t\t\t<\/div>\n\t\t\t\t<\/div>\n\t\t\t\t<div class=\"elementor-element elementor-element-e77b56c elementor-align-left elementor-widget elementor-widget-button\" data-id=\"e77b56c\" data-element_type=\"widget\" data-widget_type=\"button.default\">\n\t\t\t\t<div class=\"elementor-widget-container\">\n\t\t\t\t\t\t\t\t\t<div class=\"elementor-button-wrapper\">\n\t\t\t\t\t<a class=\"elementor-button elementor-button-link elementor-size-sm\" href=\"\/index.php\/brevet\/\">\n\t\t\t\t\t\t<span class=\"elementor-button-content-wrapper\">\n\t\t\t\t\t\t\t\t\t<span class=\"elementor-button-text\">EN SAVOIR PLUS<\/span>\n\t\t\t\t\t<\/span>\n\t\t\t\t\t<\/a>\n\t\t\t\t<\/div>\n\t\t\t\t\t\t\t\t<\/div>\n\t\t\t\t<\/div>\n\t\t\t\t<\/div>\n\t\t\t\t\t<\/div>\n\t\t\t\t<\/div>\n\t\t<div class=\"elementor-element elementor-element-ce375fc e-grid e-con-boxed e-con e-parent\" data-id=\"ce375fc\" data-element_type=\"container\" data-settings=\"{&quot;background_background&quot;:&quot;classic&quot;}\">\n\t\t\t\t\t<div class=\"e-con-inner\">\n\t\t<div class=\"elementor-element elementor-element-47a6aba e-con-full e-flex elementor-invisible e-con e-child\" data-id=\"47a6aba\" data-element_type=\"container\" data-settings=\"{&quot;animation&quot;:&quot;fadeInLeft&quot;}\">\n\t\t\t\t<div class=\"elementor-element elementor-element-62b039a elementor-widget elementor-widget-heading\" data-id=\"62b039a\" data-element_type=\"widget\" data-widget_type=\"heading.default\">\n\t\t\t\t<div class=\"elementor-widget-container\">\n\t\t\t\t\t<h2 class=\"elementor-heading-title elementor-size-default\">Les tarifs<\/h2>\t\t\t\t<\/div>\n\t\t\t\t<\/div>\n\t\t\t\t<div class=\"elementor-element elementor-element-441518c elementor-widget elementor-widget-text-editor\" data-id=\"441518c\" data-element_type=\"widget\" data-widget_type=\"text-editor.default\">\n\t\t\t\t<div class=\"elementor-widget-container\">\n\t\t\t\t\t\t\t\t\t<p>Une formation compl\u00e8te, des tarifs transparents<\/p>\t\t\t\t\t\t\t\t<\/div>\n\t\t\t\t<\/div>\n\t\t\t\t<div class=\"elementor-element elementor-element-9838b67 elementor-align-right elementor-widget elementor-widget-button\" data-id=\"9838b67\" data-element_type=\"widget\" data-widget_type=\"button.default\">\n\t\t\t\t<div class=\"elementor-widget-container\">\n\t\t\t\t\t\t\t\t\t<div class=\"elementor-button-wrapper\">\n\t\t\t\t\t<a class=\"elementor-button elementor-button-link elementor-size-sm\" href=\"\/index.php\/tarifs\/\">\n\t\t\t\t\t\t<span class=\"elementor-button-content-wrapper\">\n\t\t\t\t\t\t\t\t\t<span class=\"elementor-button-text\">EN SAVOIR PLUS<\/span>\n\t\t\t\t\t<\/span>\n\t\t\t\t\t<\/a>\n\t\t\t\t<\/div>\n\t\t\t\t\t\t\t\t<\/div>\n\t\t\t\t<\/div>\n\t\t\t\t<\/div>\n\t\t<div class=\"elementor-element elementor-element-bc6968d e-con-full e-flex elementor-invisible e-con e-child\" data-id=\"bc6968d\" data-element_type=\"container\" data-settings=\"{&quot;animation&quot;:&quot;fadeInRight&quot;}\">\n\t\t\t\t<div class=\"elementor-element elementor-element-5d227d6 elementor-widget elementor-widget-image\" data-id=\"5d227d6\" data-element_type=\"widget\" data-widget_type=\"image.default\">\n\t\t\t\t<div class=\"elementor-widget-container\">\n\t\t\t\t\t\t\t\t\t\t\t\t\t\t\t<img decoding=\"async\" width=\"260\" height=\"260\" src=\"https:\/\/www.unreal-impulse.com\/wp-content\/uploads\/2025\/09\/tarifs.png\" class=\"attachment-large size-large wp-image-439\" alt=\"\" srcset=\"https:\/\/www.unreal-impulse.com\/wp-content\/uploads\/2025\/09\/tarifs.png 260w, https:\/\/www.unreal-impulse.com\/wp-content\/uploads\/2025\/09\/tarifs-150x150.png 150w\" sizes=\"(max-width: 260px) 100vw, 260px\" \/>\t\t\t\t\t\t\t\t\t\t\t\t\t\t\t<\/div>\n\t\t\t\t<\/div>\n\t\t\t\t<\/div>\n\t\t\t\t\t<\/div>\n\t\t\t\t<\/div>\n\t\t\t\t<\/div>\n\t\t","protected":false},"excerpt":{"rendered":"<p>Vous souhaitez devenir pilote ? Peut-\u00eatre l\u2019un des plus beaux r\u00eaves de l\u2019homme. Rejoignez-nous et fa\u00eetes de votre r\u00eave une r\u00e9alit\u00e9. Venez partager notre passion. \u00ab D\u00e8s lors que vous aurez go\u00fbt\u00e9 au vol, vous marcherez \u00e0 jamais sur terre les yeux lev\u00e9s vers le ciel. \u00bb\u00a0\u2013 L\u00e9onard de Vinci L\u2019\u00e9cole L\u2019ACPL\u00a0dispose d\u2019une \u00e9cole labellis\u00e9e [&hellip;]<\/p>\n","protected":false},"author":1,"featured_media":0,"parent":0,"menu_order":0,"comment_status":"closed","ping_status":"closed","template":"","meta":{"footnotes":""},"class_list":["post-417","page","type-page","status-publish","hentry"],"_links":{"self":[{"href":"https:\/\/www.unreal-impulse.com\/index.php\/wp-json\/wp\/v2\/pages\/417","targetHints":{"allow":["GET"]}}],"collection":[{"href":"https:\/\/www.unreal-impulse.com\/index.php\/wp-json\/wp\/v2\/pages"}],"about":[{"href":"https:\/\/www.unreal-impulse.com\/index.php\/wp-json\/wp\/v2\/types\/page"}],"author":[{"embeddable":true,"href":"https:\/\/www.unreal-impulse.com\/index.php\/wp-json\/wp\/v2\/users\/1"}],"replies":[{"embeddable":true,"href":"https:\/\/www.unreal-impulse.com\/index.php\/wp-json\/wp\/v2\/comments?post=417"}],"version-history":[{"count":49,"href":"https:\/\/www.unreal-impulse.com\/index.php\/wp-json\/wp\/v2\/pages\/417\/revisions"}],"predecessor-version":[{"id":763,"href":"https:\/\/www.unreal-impulse.com\/index.php\/wp-json\/wp\/v2\/pages\/417\/revisions\/763"}],"wp:attachment":[{"href":"https:\/\/www.unreal-impulse.com\/index.php\/wp-json\/wp\/v2\/media?parent=417"}],"curies":[{"name":"wp","href":"https:\/\/api.w.org\/{rel}","templated":true}]}}